1?
222
Calculate the remainder when 28647 is divided by 443.
295
Calculate the remainder when 4502637 is divided by 37837.
34
Calculate the remainder when 9948 is divided by 1997.
1960
What is the remainder when 3370461 is divided by 379?
14
Calculate the remainder when 14182928 is divided by 646.
644
What is the remainder when 1568087 is divided by 667?
637
Calculate the remainder when 1619008 is divided by 163.
92
Calculate the remainder when 57043 is divided by 174.
145
Calculate the remainder when 1454821 is divided by 554.
17
Calculate the remainder when 3903191 is divided by 433681.
62
Calculate the remainder when 376878012 is divided by 215.
212
Calculate the remainder when 14255019 is divided by 4902.
3
What is the remainder when 1825981 is divided by 3820?
21
Calculate the remainder when 29168565 is divided by 264.
261
What is the remainder when 81704 is divided by 3881?
203
Calculate the remainder when 11370 is divided by 8427.
2943
What is the remainder when 149529 is divided by 168?
9
Calculate the remainder when 362928 is divided by 1601.
1102
Calculate the remainder when 12992992 is divided by 6496488.
16
What is the remainder when 201967 is divided by 201632?
335
Calculate the remainder when 17555843 is divided by 701.
700
Calculate the remainder when 100241 is divided by 19512.
2681
Calculate the remainder when 11743248 is divided by 25.
23
Calculate the remainder when 95634 is divided by 31700.
534
What is the remainder when 22307 is divided by 9907?
2493
Calculate the remainder when 57635 is divided by 28810.
15
Calculate the remainder when 121093 is divided by 119328.
1765
What is the remainder when 373945 is divided by 124360?
865
Calculate the remainder when 313078 is divided by 5132.
26
Calculate the remainder when 9786446 is divided by 2739.
2738
What is the remainder when 5729449 is divided by 1133?
1001
What is the remainder when 37455268 is divided by 861?
46
What is the remainder when 10606028 is divided by 1201?
1198
Calculate the remainder when 13375624 is divided by 101.
93
Calculate the remainder when 700049 is divided by 901.
873
Calculate the remainder when 228576836 is divided by 40.
36
Calculate the remainder when 1296897 is divided by 332.
105
Calculate the remainder when 150643578 is divided by 273.
267
Calculate the remainder when 39058057 is divided by 1472.
9
What is the remainder when 593059 is divided by 931?
12
Calculate the remainder when 22602730 is divided by 43.
38
What is the remainder when 5903477 is divided by 94?
89
What is the remainder when 4479948 is divided by 223997?
8
Calculate the remainder when 119415 is divided by 16445.
4300
Calculate the remainder when 1733536 is divided by 46849.
123
What is the remainder when 13478292 is divided by 1835?
217
What is the remainder when 9296178 is divided by 5590?
8
Calculate the remainder when 8471121 is divided by 1159.
1149
What is the remainder when 24841070 is divided by 85?
75
Calculate the remainder when 316305 is divided by 10543.
15
Calculate the remainder when 44169122 is divided by 175.
172
Calculate the remainder when 114420 is divided by 57.
21
What is the remainder when 1061864 is divided by 321?
317
Calculate the remainder when 265304 is divided by 227.
168
What is the remainder when 5459149 is divided by 454926?
37
What is the remainder when 412760984 is divided by 355?
354
What is the remainder when 2582781 is divided by 322833?
117
What is the remainder when 526001 is divided by 88?
25
What is the remainder when 38285 is divided by 6201?
1079
Calculate the remainder when 229609 is divided by 231.
226
Calculate the remainder when 1873556 is divided by 98.
90
What is the remainder when 117896 is divided by 3799?
127
What is the remainder when 540315 is divided by 281?
233
Calculate the remainder when 452487866 is divided by 13.
12
Calculate the remainder when 32935575 is divided by 10978518.
21
What is the remainder when 2782476 is divided by 414?
396
Calculate the remainder when 3762931 is divided by 342084.
7
Calculate the remainder when 4919945 is divided by 162.
5
Calculate the remainder when 43687746 is divided by 3423.
3420
Calculate the remainder when 16333967 is divided by 346.
345
Calculate the remainder when 2175598 is divided by 241704.
262
Calculate the remainder when 55666 is divided by 18535.
61
What is the remainder when 2679136 is divided by 80?
16
What is the remainder when 25128812 is divided by 20?
12
Calculate the remainder when 256185 is divided by 175.
160
Calculate the remainder when 66244 is divided by 619.
11
What is the remainder when 1510149 is divided by 503367?
48
Calculate the remainder when 705896 is divided by 142.
14
Calculate the remainder when 1649096 is divided by 6297.
5579
What is the remainder when 3439865 is divided by 65?
0
Calculate the remainder when 88271562 is divided by 12610220.
22
Calculate the remainder when 297644224 is divided by 47.
39
What is the remainder when 110872 is divided by 27542?
704
What is the remainder when 43893 is divided by 3819?
1884
What is the remainder when 1625316 is divided by 812657?
2
What is the remainder when 99405 is divided by 19819?
310
Calculate the remainder when 104626838 is divided by 136.
134
Calculate the remainder when 38541823 is divided by 4817726.
15
What is the remainder when 411402 is divided by 205685?
32
Calculate the remainder when 197644028 is divided by 2616.
2612
Calculate the remainder when 3575428 is divided by 30.
28
What is the remainder when 1285838 is divided by 183522?
1184
What is the remainder when 3113179 is divided by 20?
19
What is the remainder when 104930 is divided by 357?
329
Calculate the remainder when 1255290 is divided by 5434.
36
Calculate the remainder when 8518977 is divided by 1538.
1533
Calculate the remainder when 30435 is divided by 220.
75
What is the remainder when 50288707 is divided by 161700?
7
What is the remainder when 1303093 is divided by 605?
528
What is the remainder when 1119060 is divided by 201?
93
What is the remainder when 6033 is divided by 5311?
722
Calculate the remainder when 4301253 is divided by 391023.
0
Calculate the remainder when 430683327 is divided by 42.
39
Calculate the remainder when 24603640 is divided by 134446.
22
What is the remainder when 21254825 is divided by 1927?
15
Calculate the remainder when 230947 is divided by 64.
35
Calculate the remainder when 52167 is divided by 136.
79
Calculate the remainder when 356580 is divided by 13714.
16
What is the remainder when 4966951 is divided by 1655649?
4
What is the remainder when 362602 is divided by 21300?
502
Calculate the remainder when 18953639 is divided by 408.
407
What is the remainder when 13966103 is divided by 32?
23
What is the remainder when 262732535 is divided by 396?
395
What is the remainder when 72155713 is divided by 26?
19
What is the remainder when 36302 is divided by 111?
5
What is the remainder when 9729339 is divided by 82452?
3
Calculate the remainder when 1308346 is divided by 2949.
1939
Calculate the remainder when 153418 is divided by 368.
330
Calculate the remainder when 1640917 is divided by 273485.
7
Calculate the remainder when 29595329 is divided by 29595300.
29
What is the remainder when 76560 is divided by 367?
224
Calculate the remainder when 86755 is divided by 17287.
320
What is the remainder when 14676 is divided by 712?
436
Calculate the remainder when 42992503 is divided by 4776944.
7
What is the remainder when 207650 is divided by 15942?
404
What is the remainder when 72225698 is divided by 17?
8
Calculate the remainder when 42983 is divided by 42939.
44
Calculate the remainder when 1858318 is divided by 2581.
2579
Calculate the remainder when 490821 is divided by 14815.
1926
Calculate the remainder when 5804688 is divided by 1934882.
42
Calculate the remainder when 55909032 is divided by 13977255.
12
What is the remainder when 82698 is divided by 41?
1
Calculate the remainder when 2704440 is divided by 901477.
9
What is the remainder when 676832 is divided by 1443?
65
Calculate the remainder when 1610914 is divided by 155.
154
Calculate the remainder when 100090 is divided by 807.
22
What is the remainder when 224160 is divided by 224060?
100
What is the remainder when 5648047 is di